{"id":219,"date":"2023-09-25T19:18:09","date_gmt":"2023-09-25T17:18:09","guid":{"rendered":"https:\/\/gcimininggroup.com\/?page_id=219"},"modified":"2024-11-11T22:24:08","modified_gmt":"2024-11-12T03:24:08","slug":"geofisica","status":"publish","type":"page","link":"https:\/\/gcimininggroup.com\/index.php\/es\/geofisica\/","title":{"rendered":"Geof\u00edsica"},"content":{"rendered":"\t\t<div data-elementor-type=\"wp-page\" data-elementor-id=\"219\" class=\"elementor elementor-219\" data-elementor-post-type=\"page\">\n\t\t\t\t\t\t<section class=\"elementor-section elementor-top-section elementor-element elementor-element-28c00f1b elementor-section-boxed elementor-section-height-default elementor-section-height-default\" data-id=\"28c00f1b\" data-element_type=\"section\" data-e-type=\"section\" data-settings=\"{&quot;background_background&quot;:&quot;classic&quot;}\">\n\t\t\t\t\t\t\t<div class=\"elementor-background-overlay\"><\/div>\n\t\t\t\t\t\t\t<div class=\"elementor-container elementor-column-gap-default\">\n\t\t\t\t\t<div class=\"elementor-column elementor-col-100 elementor-top-column elementor-element elementor-element-203d2e33\" data-id=\"203d2e33\" data-element_type=\"column\" data-e-type=\"column\">\n\t\t\t<div class=\"elementor-widget-wrap elementor-element-populated\">\n\t\t\t\t\t\t<section class=\"elementor-section elementor-inner-section elementor-element elementor-element-40f3ef36 elementor-section-boxed elementor-section-height-default elementor-section-height-default\" data-id=\"40f3ef36\" data-element_type=\"section\" data-e-type=\"section\">\n\t\t\t\t\t\t<div class=\"elementor-container elementor-column-gap-no\">\n\t\t\t\t\t<div class=\"elementor-column elementor-col-100 elementor-inner-column elementor-element elementor-element-30fde5ea\" data-id=\"30fde5ea\" data-element_type=\"column\" data-e-type=\"column\">\n\t\t\t<div class=\"elementor-widget-wrap elementor-element-populated\">\n\t\t\t\t\t\t<div class=\"elementor-element elementor-element-157dc30b elementor-invisible elementor-widget elementor-widget-heading\" data-id=\"157dc30b\" data-element_type=\"widget\" data-e-type=\"widget\" data-settings=\"{&quot;_animation&quot;:&quot;fadeInUp&quot;,&quot;_animation_delay&quot;:240}\" data-widget_type=\"heading.default\">\n\t\t\t\t<div class=\"elementor-widget-container\">\n\t\t\t\t\t<h2 class=\"elementor-heading-title elementor-size-default\">Geof\u00edsica<\/h2>\t\t\t\t<\/div>\n\t\t\t\t<\/div>\n\t\t\t\t<div class=\"elementor-element elementor-element-7ce24b50 elementor-invisible elementor-widget elementor-widget-text-editor\" data-id=\"7ce24b50\" data-element_type=\"widget\" data-e-type=\"widget\" data-settings=\"{&quot;_animation&quot;:&quot;fadeInUp&quot;,&quot;_animation_delay&quot;:480}\" data-widget_type=\"text-editor.default\">\n\t\t\t\t<div class=\"elementor-widget-container\">\n\t\t\t\t\t\t\t\t\t<p>Estudio de magnetometr\u00eda y de polarizaci\u00f3n inducida.\u00a0<\/p>\t\t\t\t\t\t\t\t<\/div>\n\t\t\t\t<\/div>\n\t\t\t\t<div class=\"elementor-element elementor-element-750b9baf elementor-invisible elementor-widget elementor-widget-button\" data-id=\"750b9baf\" data-element_type=\"widget\" data-e-type=\"widget\" data-settings=\"{&quot;_animation&quot;:&quot;fadeIn&quot;,&quot;_animation_delay&quot;:1080}\" data-widget_type=\"button.default\">\n\t\t\t\t<div class=\"elementor-widget-container\">\n\t\t\t\t\t\t\t\t\t<div class=\"elementor-button-wrapper\">\n\t\t\t\t\t<a class=\"elementor-button elementor-button-link elementor-size-sm\" href=\"#\">\n\t\t\t\t\t\t<span class=\"elementor-button-content-wrapper\">\n\t\t\t\t\t\t\t\t\t<span class=\"elementor-button-text\">Conozca mas<\/span>\n\t\t\t\t\t<\/span>\n\t\t\t\t\t<\/a>\n\t\t\t\t<\/div>\n\t\t\t\t\t\t\t\t<\/div>\n\t\t\t\t<\/div>\n\t\t\t\t\t<\/div>\n\t\t<\/div>\n\t\t\t\t\t<\/div>\n\t\t<\/section>\n\t\t\t\t\t<\/div>\n\t\t<\/div>\n\t\t\t\t\t<\/div>\n\t\t<\/section>\n\t\t\t\t<section class=\"elementor-section elementor-top-section elementor-element elementor-element-1b11c1d3 elementor-section-boxed elementor-section-height-default elementor-section-height-default\" data-id=\"1b11c1d3\" data-element_type=\"section\" data-e-type=\"section\">\n\t\t\t\t\t\t<div class=\"elementor-container elementor-column-gap-default\">\n\t\t\t\t\t<div class=\"elementor-column elementor-col-66 elementor-top-column elementor-element elementor-element-7636cba2\" data-id=\"7636cba2\" data-element_type=\"column\" data-e-type=\"column\">\n\t\t\t<div class=\"elementor-widget-wrap elementor-element-populated\">\n\t\t\t\t\t\t<div class=\"elementor-element elementor-element-1c911a93 elementor-widget elementor-widget-heading\" data-id=\"1c911a93\" data-element_type=\"widget\" data-e-type=\"widget\" data-widget_type=\"heading.default\">\n\t\t\t\t<div class=\"elementor-widget-container\">\n\t\t\t\t\t<h2 class=\"elementor-heading-title elementor-size-default\">Estudio Geof\u00edsico<\/h2>\t\t\t\t<\/div>\n\t\t\t\t<\/div>\n\t\t\t\t<div class=\"elementor-element elementor-element-1278bfdd elementor-widget elementor-widget-text-editor\" data-id=\"1278bfdd\" data-element_type=\"widget\" data-e-type=\"widget\" data-widget_type=\"text-editor.default\">\n\t\t\t\t<div class=\"elementor-widget-container\">\n\t\t\t\t\t\t\t\t\t<p>VDG del Per\u00fa S.A.C. complet\u00f3 una segunda campa\u00f1a de geof\u00edsica terrestre en octubre del 2008. Los m\u00e9todos geof\u00edsicos aplicados fueron el\u00a0<strong>estudio de magnetometr\u00eda y el de polarizaci\u00f3n inducida.\u00a0<\/strong>El objetivo de la campa\u00f1a geof\u00edsica sobre el proyecto aur\u00edfero Los Hornos fue el de determinar la extensi\u00f3n de la anomal\u00eda detectada en la primera campa\u00f1a geof\u00edsica, relacionada a un posible p\u00f3rfido Cu-Au en profundidad.<\/p><p>Los resultados geof\u00edsicos nos permiten concluir lo siguiente:<\/p><ol type=\"1\"><li>La resistividad delinea valores de resistividades moderadas-altas (&lt;1,600 Ohm*m) desde la superficie hasta 100-150 metros de profundidad, correspondientes a zonas de alteraci\u00f3n o contactos litol\u00f3gicos; y valores de resistividad mas altos (&gt;2,000 Ohm*m) a mayor profundidad.<\/li><li>Los resultados de cargabilidad concuerdan entre las dos campa\u00f1as, al confirmar una anomal\u00eda d\u00e9bil (IP-1) a una profundidad aproximada de 200 metros. La anomal\u00eda IP-1 presenta correlaci\u00f3n con los valores altos de resistividad en profundidad.<\/li><li>La anomal\u00eda IP-1 subaflora al este de la l\u00ednea 1500N, en la quebrada Huscacocha.<\/li><\/ol><p>Los resultados de cargabilidad concuerdan entre las dos campa\u00f1as, al confirmar una anomal\u00eda d\u00e9bil (IP-1) a una profundidad aproximada de 200 metros. La anomal\u00eda IP-1 presenta correlaci\u00f3n con los valores altos de resistividad en profundidad.<\/p><p>La anomal\u00eda IP-1 subaflora al este de la l\u00ednea 1500N, en la quebrada Huscacocha.<\/p><p>Los l\u00edmites de la anomal\u00eda han sido delineados en las secciones y en el mapa de interpretaci\u00f3n.<\/p>\t\t\t\t\t\t\t\t<\/div>\n\t\t\t\t<\/div>\n\t\t\t\t\t<\/div>\n\t\t<\/div>\n\t\t\t\t<div class=\"elementor-column elementor-col-33 elementor-top-column elementor-element elementor-element-5baf1159\" data-id=\"5baf1159\" data-element_type=\"column\" data-e-type=\"column\">\n\t\t\t<div class=\"elementor-widget-wrap elementor-element-populated\">\n\t\t\t\t\t\t<div class=\"elementor-element elementor-element-395a9283 elementor-widget elementor-widget-elementskit-heading\" data-id=\"395a9283\" data-element_type=\"widget\" data-e-type=\"widget\" data-widget_type=\"elementskit-heading.default\">\n\t\t\t\t<div class=\"elementor-widget-container\">\n\t\t\t\t\t<div class=\"ekit-wid-con\" ><div class=\"ekit-heading elementskit-section-title-wraper text_left   ekit_heading_tablet-   ekit_heading_mobile-\"><a href=\"https:\/\/gcimininggroup.com\/index.php\/geologia\/\"><h2 class=\"ekit-heading--title elementskit-section-title  ekit-heading__title-has-border start\">Geolog\u00eda<\/h2><\/a><\/div><\/div>\t\t\t\t<\/div>\n\t\t\t\t<\/div>\n\t\t\t\t<div class=\"elementor-element elementor-element-7ffec8ab elementor-widget elementor-widget-elementskit-heading\" data-id=\"7ffec8ab\" data-element_type=\"widget\" data-e-type=\"widget\" data-widget_type=\"elementskit-heading.default\">\n\t\t\t\t<div class=\"elementor-widget-container\">\n\t\t\t\t\t<div class=\"ekit-wid-con\" ><div class=\"ekit-heading elementskit-section-title-wraper text_left   ekit_heading_tablet-   ekit_heading_mobile-\"><a href=\"https:\/\/gcimininggroup.com\/index.php\/geoquimica\/\"><h2 class=\"ekit-heading--title elementskit-section-title  ekit-heading__title-has-border start\">Geoqu\u00edmica<\/h2><\/a><\/div><\/div>\t\t\t\t<\/div>\n\t\t\t\t<\/div>\n\t\t\t\t<div class=\"elementor-element elementor-element-19eb48f elementor-widget elementor-widget-elementskit-heading\" data-id=\"19eb48f\" data-element_type=\"widget\" data-e-type=\"widget\" data-widget_type=\"elementskit-heading.default\">\n\t\t\t\t<div class=\"elementor-widget-container\">\n\t\t\t\t\t<div class=\"ekit-wid-con\" ><div class=\"ekit-heading elementskit-section-title-wraper text_left   ekit_heading_tablet-   ekit_heading_mobile-\"><a href=\"https:\/\/gcimininggroup.com\/index.php\/sondajes\/\"><h2 class=\"ekit-heading--title elementskit-section-title  ekit-heading__title-has-border start\">Sondajes<\/h2><\/a><\/div><\/div>\t\t\t\t<\/div>\n\t\t\t\t<\/div>\n\t\t\t\t<div class=\"elementor-element elementor-element-48f9804f elementor-widget elementor-widget-elementskit-heading\" data-id=\"48f9804f\" data-element_type=\"widget\" data-e-type=\"widget\" data-widget_type=\"elementskit-heading.default\">\n\t\t\t\t<div class=\"elementor-widget-container\">\n\t\t\t\t\t<div class=\"ekit-wid-con\" ><div class=\"ekit-heading elementskit-section-title-wraper text_left   ekit_heading_tablet-   ekit_heading_mobile-\"><a href=\"https:\/\/gcimininggroup.com\/index.php\/planta\/\"><h2 class=\"ekit-heading--title elementskit-section-title  ekit-heading__title-has-border start\">Planta<\/h2><\/a><\/div><\/div>\t\t\t\t<\/div>\n\t\t\t\t<\/div>\n\t\t\t\t<section class=\"elementor-section elementor-inner-section elementor-element elementor-element-38f82659 elementor-section-boxed elementor-section-height-default elementor-section-height-default elementor-invisible\" data-id=\"38f82659\" data-element_type=\"section\" data-e-type=\"section\" data-settings=\"{&quot;animation&quot;:&quot;fadeInUp&quot;}\">\n\t\t\t\t\t\t<div class=\"elementor-container elementor-column-gap-default\">\n\t\t\t\t\t<div class=\"elementor-column elementor-col-100 elementor-inner-column elementor-element elementor-element-21bab9b\" data-id=\"21bab9b\" data-element_type=\"column\" data-e-type=\"column\" data-settings=\"{&quot;background_background&quot;:&quot;classic&quot;}\">\n\t\t\t<div class=\"elementor-widget-wrap elementor-element-populated\">\n\t\t\t\t\t<div class=\"elementor-background-overlay\"><\/div>\n\t\t\t\t\t\t<div class=\"elementor-element elementor-element-0eb923c elementor-widget elementor-widget-image\" data-id=\"0eb923c\" data-element_type=\"widget\" data-e-type=\"widget\" data-widget_type=\"image.default\">\n\t\t\t\t<div class=\"elementor-widget-container\">\n\t\t\t\t\t\t\t\t\t\t\t\t\t\t\t\t<a href=\"https:\/\/www.kitco.com\/price\/fixes\/london-fix\" target=\"_blank\" rel=\"noopener\">\n\t\t\t\t\t\t\t<img decoding=\"async\" width=\"448\" height=\"101\" src=\"https:\/\/gcimininggroup.com\/wp-content\/uploads\/2023\/10\/corp_kitco-logo-new-top.png\" class=\"attachment-large size-large wp-image-1677\" alt=\"\" srcset=\"https:\/\/gcimininggroup.com\/wp-content\/uploads\/2023\/10\/corp_kitco-logo-new-top.png.webp 448w, https:\/\/gcimininggroup.com\/wp-content\/uploads\/2023\/10\/corp_kitco-logo-new-top-300x68.png.webp 300w\" sizes=\"(max-width: 448px) 100vw, 448px\" \/>\t\t\t\t\t\t\t\t<\/a>\n\t\t\t\t\t\t\t\t\t\t\t\t\t\t\t<\/div>\n\t\t\t\t<\/div>\n\t\t\t\t\t<\/div>\n\t\t<\/div>\n\t\t\t\t\t<\/div>\n\t\t<\/section>\n\t\t\t\t<div class=\"elementor-element elementor-element-b2e4df3 elementor-widget elementor-widget-image\" data-id=\"b2e4df3\" data-element_type=\"widget\" data-e-type=\"widget\" data-widget_type=\"image.default\">\n\t\t\t\t<div class=\"elementor-widget-container\">\n\t\t\t\t\t\t\t\t\t\t\t\t\t\t\t<img fetchpriority=\"high\" decoding=\"async\" width=\"800\" height=\"534\" src=\"https:\/\/gcimininggroup.com\/wp-content\/uploads\/2023\/10\/pexels-michael-steinberg-366551-1024x683.jpg\" class=\"attachment-large size-large wp-image-2082\" alt=\"\" srcset=\"https:\/\/gcimininggroup.com\/wp-content\/uploads\/2023\/10\/pexels-michael-steinberg-366551-1024x683.jpg.webp 1024w, https:\/\/gcimininggroup.com\/wp-content\/uploads\/2023\/10\/pexels-michael-steinberg-366551-300x200.jpg.webp 300w, https:\/\/gcimininggroup.com\/wp-content\/uploads\/2023\/10\/pexels-michael-steinberg-366551-768x512.jpg.webp 768w, https:\/\/gcimininggroup.com\/wp-content\/uploads\/2023\/10\/pexels-michael-steinberg-366551-1536x1024.jpg.webp 1536w, https:\/\/gcimininggroup.com\/wp-content\/uploads\/2023\/10\/pexels-michael-steinberg-366551.jpg.webp 1920w\" sizes=\"(max-width: 800px) 100vw, 800px\" \/>\t\t\t\t\t\t\t\t\t\t\t\t\t\t\t<\/div>\n\t\t\t\t<\/div>\n\t\t\t\t\t<\/div>\n\t\t<\/div>\n\t\t\t\t\t<\/div>\n\t\t<\/section>\n\t\t<div class=\"elementor-element elementor-element-6d17f96 e-flex e-con-boxed e-con e-parent\" data-id=\"6d17f96\" data-element_type=\"container\" data-e-type=\"container\">\n\t\t\t\t\t<div class=\"e-con-inner\">\n\t\t\t\t<div class=\"elementor-element elementor-element-d3ee54f elementor-widget elementor-widget-heading\" data-id=\"d3ee54f\" data-element_type=\"widget\" data-e-type=\"widget\" data-widget_type=\"heading.default\">\n\t\t\t\t<div class=\"elementor-widget-container\">\n\t\t\t\t\t<h3 class=\"elementor-heading-title elementor-size-default\">Mapa de L\u00edneas Geof\u00edsicas <\/h3>\t\t\t\t<\/div>\n\t\t\t\t<\/div>\n\t\t\t\t\t<\/div>\n\t\t\t\t<\/div>\n\t\t<div class=\"elementor-element elementor-element-7aac642 e-flex e-con-boxed e-con e-parent\" data-id=\"7aac642\" data-element_type=\"container\" data-e-type=\"container\">\n\t\t\t\t\t<div class=\"e-con-inner\">\n\t\t<div class=\"elementor-element elementor-element-d7e28b8 e-con-full e-flex e-con e-child\" data-id=\"d7e28b8\" data-element_type=\"container\" data-e-type=\"container\">\n\t\t\t\t<\/div>\n\t\t<div class=\"elementor-element elementor-element-f64332b e-con-full e-flex e-con e-child\" data-id=\"f64332b\" data-element_type=\"container\" data-e-type=\"container\">\n\t\t\t\t<div class=\"elementor-element elementor-element-a80264c elementor-widget elementor-widget-image\" data-id=\"a80264c\" data-element_type=\"widget\" data-e-type=\"widget\" data-widget_type=\"image.default\">\n\t\t\t\t<div class=\"elementor-widget-container\">\n\t\t\t\t\t\t\t\t\t\t\t\t<figure class=\"wp-caption\">\n\t\t\t\t\t\t\t\t\t\t\t<a href=\"https:\/\/gcimininggroup.com\/wp-content\/uploads\/2023\/10\/mapa-de-lineas-geofisicas.jpg\" data-elementor-open-lightbox=\"yes\" data-elementor-lightbox-title=\"mapa de lineas geofisicas\" data-e-action-hash=\"#elementor-action%3Aaction%3Dlightbox%26settings%3DeyJpZCI6OTU3LCJ1cmwiOiJodHRwczpcL1wvZ2NpbWluaW5nZ3JvdXAuY29tXC93cC1jb250ZW50XC91cGxvYWRzXC8yMDIzXC8xMFwvbWFwYS1kZS1saW5lYXMtZ2VvZmlzaWNhcy5qcGcifQ%3D%3D\">\n\t\t\t\t\t\t\t<img decoding=\"async\" width=\"2047\" height=\"1860\" src=\"https:\/\/gcimininggroup.com\/wp-content\/uploads\/2023\/10\/mapa-de-lineas-geofisicas.jpg\" class=\"attachment-full size-full wp-image-957\" alt=\"\" srcset=\"https:\/\/gcimininggroup.com\/wp-content\/uploads\/2023\/10\/mapa-de-lineas-geofisicas.jpg 2047w, https:\/\/gcimininggroup.com\/wp-content\/uploads\/2023\/10\/mapa-de-lineas-geofisicas-300x273.jpg 300w, https:\/\/gcimininggroup.com\/wp-content\/uploads\/2023\/10\/mapa-de-lineas-geofisicas-1024x930.jpg 1024w, https:\/\/gcimininggroup.com\/wp-content\/uploads\/2023\/10\/mapa-de-lineas-geofisicas-768x698.jpg 768w, https:\/\/gcimininggroup.com\/wp-content\/uploads\/2023\/10\/mapa-de-lineas-geofisicas-1536x1396.jpg 1536w\" sizes=\"(max-width: 2047px) 100vw, 2047px\" \/>\t\t\t\t\t\t\t\t<\/a>\n\t\t\t\t\t\t\t\t\t\t\t<figcaption class=\"widget-image-caption wp-caption-text\">hacer click para usar zoom<\/figcaption>\n\t\t\t\t\t\t\t\t\t\t<\/figure>\n\t\t\t\t\t\t\t\t\t<\/div>\n\t\t\t\t<\/div>\n\t\t\t\t<\/div>\n\t\t<div class=\"elementor-element elementor-element-2a9db41 e-con-full e-flex e-con e-child\" data-id=\"2a9db41\" data-element_type=\"container\" data-e-type=\"container\">\n\t\t\t\t<\/div>\n\t\t\t\t\t<\/div>\n\t\t\t\t<\/div>\n\t\t<div class=\"elementor-element elementor-element-71a5cda e-flex e-con-boxed e-con e-parent\" data-id=\"71a5cda\" data-element_type=\"container\" data-e-type=\"container\">\n\t\t\t\t\t<div class=\"e-con-inner\">\n\t\t<div class=\"elementor-element elementor-element-7304127 e-con-full e-flex e-con e-child\" data-id=\"7304127\" data-element_type=\"container\" data-e-type=\"container\">\n\t\t\t\t<\/div>\n\t\t<div class=\"elementor-element elementor-element-42054a8 e-con-full e-flex e-con e-child\" data-id=\"42054a8\" data-element_type=\"container\" data-e-type=\"container\">\n\t\t\t\t<div class=\"elementor-element elementor-element-12f1ba5 elementor-widget elementor-widget-heading\" data-id=\"12f1ba5\" data-element_type=\"widget\" data-e-type=\"widget\" data-widget_type=\"heading.default\">\n\t\t\t\t<div class=\"elementor-widget-container\">\n\t\t\t\t\t<h4 class=\"elementor-heading-title elementor-size-default\">L\u00ednea 1500N<\/h4>\t\t\t\t<\/div>\n\t\t\t\t<\/div>\n\t\t\t\t<div class=\"elementor-element elementor-element-e64a1ee elementor-widget elementor-widget-image\" data-id=\"e64a1ee\" data-element_type=\"widget\" data-e-type=\"widget\" data-widget_type=\"image.default\">\n\t\t\t\t<div class=\"elementor-widget-container\">\n\t\t\t\t\t\t\t\t\t\t\t\t<figure class=\"wp-caption\">\n\t\t\t\t\t\t\t\t\t\t\t<a href=\"https:\/\/gcimininggroup.com\/wp-content\/uploads\/2023\/10\/L1500N-2.jpg\" data-elementor-open-lightbox=\"yes\" data-elementor-lightbox-title=\"L1500N- 2\" data-e-action-hash=\"#elementor-action%3Aaction%3Dlightbox%26settings%3DeyJpZCI6OTcxLCJ1cmwiOiJodHRwczpcL1wvZ2NpbWluaW5nZ3JvdXAuY29tXC93cC1jb250ZW50XC91cGxvYWRzXC8yMDIzXC8xMFwvTDE1MDBOLTIuanBnIn0%3D\">\n\t\t\t\t\t\t\t<img loading=\"lazy\" decoding=\"async\" width=\"779\" height=\"567\" src=\"https:\/\/gcimininggroup.com\/wp-content\/uploads\/2023\/10\/L1500N-2.jpg\" class=\"attachment-large size-large wp-image-971\" alt=\"\" srcset=\"https:\/\/gcimininggroup.com\/wp-content\/uploads\/2023\/10\/L1500N-2.jpg 779w, https:\/\/gcimininggroup.com\/wp-content\/uploads\/2023\/10\/L1500N-2-300x218.jpg 300w, https:\/\/gcimininggroup.com\/wp-content\/uploads\/2023\/10\/L1500N-2-768x559.jpg 768w\" sizes=\"(max-width: 779px) 100vw, 779px\" \/>\t\t\t\t\t\t\t\t<\/a>\n\t\t\t\t\t\t\t\t\t\t\t<figcaption class=\"widget-image-caption wp-caption-text\">hacer click para usar zoom<\/figcaption>\n\t\t\t\t\t\t\t\t\t\t<\/figure>\n\t\t\t\t\t\t\t\t\t<\/div>\n\t\t\t\t<\/div>\n\t\t\t\t<\/div>\n\t\t<div class=\"elementor-element elementor-element-1a9d065 e-con-full e-flex e-con e-child\" data-id=\"1a9d065\" data-element_type=\"container\" data-e-type=\"container\">\n\t\t\t\t<div class=\"elementor-element elementor-element-c71587d elementor-widget elementor-widget-heading\" data-id=\"c71587d\" data-element_type=\"widget\" data-e-type=\"widget\" data-widget_type=\"heading.default\">\n\t\t\t\t<div class=\"elementor-widget-container\">\n\t\t\t\t\t<h4 class=\"elementor-heading-title elementor-size-default\">L\u00ednea 8050E<\/h4>\t\t\t\t<\/div>\n\t\t\t\t<\/div>\n\t\t\t\t<div class=\"elementor-element elementor-element-f202b4e elementor-widget elementor-widget-image\" data-id=\"f202b4e\" data-element_type=\"widget\" data-e-type=\"widget\" data-widget_type=\"image.default\">\n\t\t\t\t<div class=\"elementor-widget-container\">\n\t\t\t\t\t\t\t\t\t\t\t\t<figure class=\"wp-caption\">\n\t\t\t\t\t\t\t\t\t\t\t<a href=\"https:\/\/gcimininggroup.com\/wp-content\/uploads\/2023\/10\/8500E.jpg\" data-elementor-open-lightbox=\"yes\" data-elementor-lightbox-title=\"8500E\" data-e-action-hash=\"#elementor-action%3Aaction%3Dlightbox%26settings%3DeyJpZCI6OTcyLCJ1cmwiOiJodHRwczpcL1wvZ2NpbWluaW5nZ3JvdXAuY29tXC93cC1jb250ZW50XC91cGxvYWRzXC8yMDIzXC8xMFwvODUwMEUuanBnIn0%3D\">\n\t\t\t\t\t\t\t<img loading=\"lazy\" decoding=\"async\" width=\"662\" height=\"482\" src=\"https:\/\/gcimininggroup.com\/wp-content\/uploads\/2023\/10\/8500E.jpg\" class=\"attachment-large size-large wp-image-972\" alt=\"\" srcset=\"https:\/\/gcimininggroup.com\/wp-content\/uploads\/2023\/10\/8500E.jpg 662w, https:\/\/gcimininggroup.com\/wp-content\/uploads\/2023\/10\/8500E-300x218.jpg 300w\" sizes=\"(max-width: 662px) 100vw, 662px\" \/>\t\t\t\t\t\t\t\t<\/a>\n\t\t\t\t\t\t\t\t\t\t\t<figcaption class=\"widget-image-caption wp-caption-text\">hacer click para usar zoom<\/figcaption>\n\t\t\t\t\t\t\t\t\t\t<\/figure>\n\t\t\t\t\t\t\t\t\t<\/div>\n\t\t\t\t<\/div>\n\t\t\t\t<\/div>\n\t\t<div class=\"elementor-element elementor-element-a2299d2 e-con-full e-flex e-con e-child\" data-id=\"a2299d2\" data-element_type=\"container\" data-e-type=\"container\">\n\t\t\t\t<\/div>\n\t\t\t\t\t<\/div>\n\t\t\t\t<\/div>\n\t\t<div class=\"elementor-element elementor-element-0033cfc e-flex e-con-boxed e-con e-parent\" data-id=\"0033cfc\" data-element_type=\"container\" data-e-type=\"container\">\n\t\t\t\t\t<div class=\"e-con-inner\">\n\t\t<div class=\"elementor-element elementor-element-6269a5e e-con-full e-flex e-con e-child\" data-id=\"6269a5e\" data-element_type=\"container\" data-e-type=\"container\">\n\t\t\t\t<\/div>\n\t\t<div class=\"elementor-element elementor-element-1413f4e e-con-full e-flex e-con e-child\" data-id=\"1413f4e\" data-element_type=\"container\" data-e-type=\"container\">\n\t\t\t\t<div class=\"elementor-element elementor-element-08d7ecd elementor-widget elementor-widget-heading\" data-id=\"08d7ecd\" data-element_type=\"widget\" data-e-type=\"widget\" data-widget_type=\"heading.default\">\n\t\t\t\t<div class=\"elementor-widget-container\">\n\t\t\t\t\t<h4 class=\"elementor-heading-title elementor-size-default\">L\u00ednea 8500E<\/h4>\t\t\t\t<\/div>\n\t\t\t\t<\/div>\n\t\t\t\t<div class=\"elementor-element elementor-element-b34073d elementor-widget elementor-widget-image\" data-id=\"b34073d\" data-element_type=\"widget\" data-e-type=\"widget\" data-widget_type=\"image.default\">\n\t\t\t\t<div class=\"elementor-widget-container\">\n\t\t\t\t\t\t\t\t\t\t\t\t<figure class=\"wp-caption\">\n\t\t\t\t\t\t\t\t\t\t\t<a href=\"https:\/\/gcimininggroup.com\/wp-content\/uploads\/2023\/10\/8500E-1.jpg\" data-elementor-open-lightbox=\"yes\" data-elementor-lightbox-title=\"8500E\" data-e-action-hash=\"#elementor-action%3Aaction%3Dlightbox%26settings%3DeyJpZCI6OTczLCJ1cmwiOiJodHRwczpcL1wvZ2NpbWluaW5nZ3JvdXAuY29tXC93cC1jb250ZW50XC91cGxvYWRzXC8yMDIzXC8xMFwvODUwMEUtMS5qcGcifQ%3D%3D\">\n\t\t\t\t\t\t\t<img loading=\"lazy\" decoding=\"async\" width=\"662\" height=\"482\" src=\"https:\/\/gcimininggroup.com\/wp-content\/uploads\/2023\/10\/8500E-1.jpg\" class=\"attachment-large size-large wp-image-973\" alt=\"\" srcset=\"https:\/\/gcimininggroup.com\/wp-content\/uploads\/2023\/10\/8500E-1.jpg 662w, https:\/\/gcimininggroup.com\/wp-content\/uploads\/2023\/10\/8500E-1-300x218.jpg 300w\" sizes=\"(max-width: 662px) 100vw, 662px\" \/>\t\t\t\t\t\t\t\t<\/a>\n\t\t\t\t\t\t\t\t\t\t\t<figcaption class=\"widget-image-caption wp-caption-text\">hacer click para usar zoom<\/figcaption>\n\t\t\t\t\t\t\t\t\t\t<\/figure>\n\t\t\t\t\t\t\t\t\t<\/div>\n\t\t\t\t<\/div>\n\t\t\t\t<\/div>\n\t\t<div class=\"elementor-element elementor-element-a6c0f9a e-con-full e-flex e-con e-child\" data-id=\"a6c0f9a\" data-element_type=\"container\" data-e-type=\"container\">\n\t\t\t\t<\/div>\n\t\t\t\t\t<\/div>\n\t\t\t\t<\/div>\n\t\t\t\t<\/div>\n\t\t","protected":false},"excerpt":{"rendered":"<p>Geof\u00edsica Estudio de magnetometr\u00eda y de polarizaci\u00f3n inducida.\u00a0 Conozca mas Estudio Geof\u00edsico VDG del Per\u00fa S.A.C. complet\u00f3 una segunda campa\u00f1a de geof\u00edsica terrestre en octubre del 2008. Los m\u00e9todos geof\u00edsicos aplicados fueron el\u00a0estudio de magnetometr\u00eda y el de polarizaci\u00f3n inducida.\u00a0El objetivo de la campa\u00f1a geof\u00edsica sobre el proyecto aur\u00edfero Los Hornos fue el de determinar [&hellip;]<\/p>\n","protected":false},"author":1,"featured_media":0,"parent":0,"menu_order":0,"comment_status":"closed","ping_status":"closed","template":"elementor_header_footer","meta":{"footnotes":""},"class_list":["post-219","page","type-page","status-publish","hentry"],"_links":{"self":[{"href":"https:\/\/gcimininggroup.com\/index.php\/wp-json\/wp\/v2\/pages\/219","targetHints":{"allow":["GET"]}}],"collection":[{"href":"https:\/\/gcimininggroup.com\/index.php\/wp-json\/wp\/v2\/pages"}],"about":[{"href":"https:\/\/gcimininggroup.com\/index.php\/wp-json\/wp\/v2\/types\/page"}],"author":[{"embeddable":true,"href":"https:\/\/gcimininggroup.com\/index.php\/wp-json\/wp\/v2\/users\/1"}],"replies":[{"embeddable":true,"href":"https:\/\/gcimininggroup.com\/index.php\/wp-json\/wp\/v2\/comments?post=219"}],"version-history":[{"count":83,"href":"https:\/\/gcimininggroup.com\/index.php\/wp-json\/wp\/v2\/pages\/219\/revisions"}],"predecessor-version":[{"id":3334,"href":"https:\/\/gcimininggroup.com\/index.php\/wp-json\/wp\/v2\/pages\/219\/revisions\/3334"}],"wp:attachment":[{"href":"https:\/\/gcimininggroup.com\/index.php\/wp-json\/wp\/v2\/media?parent=219"}],"curies":[{"name":"wp","href":"https:\/\/api.w.org\/{rel}","templated":true}]}}